{"id":695,"date":"2023-12-07T18:50:33","date_gmt":"2023-12-07T18:50:33","guid":{"rendered":"https:\/\/jaais.eu\/en\/?page_id=695"},"modified":"2023-12-07T20:10:03","modified_gmt":"2023-12-07T20:10:03","slug":"raasi-nr-5-2023","status":"publish","type":"page","link":"https:\/\/jaais.eu\/en\/raasi-nr-5-2023\/","title":{"rendered":"RAASI nr. 5\/2023"},"content":{"rendered":"\n<div class=\"wp-block-media-text is-stacked-on-mobile\" style=\"grid-template-columns:34% auto\"><figure class=\"wp-block-media-text__media\"><img loading=\"lazy\" decoding=\"async\" width=\"800\" height=\"1024\" src=\"https:\/\/jaais.eu\/wp-content\/uploads\/2023\/12\/Coperta-RAASI-5-800x1024.jpg\" alt=\"\" class=\"wp-image-700 size-full\" srcset=\"https:\/\/jaais.eu\/wp-content\/uploads\/2023\/12\/Coperta-RAASI-5-800x1024.jpg 800w, https:\/\/jaais.eu\/wp-content\/uploads\/2023\/12\/Coperta-RAASI-5-234x300.jpg 234w, https:\/\/jaais.eu\/wp-content\/uploads\/2023\/12\/Coperta-RAASI-5-768x983.jpg 768w, https:\/\/jaais.eu\/wp-content\/uploads\/2023\/12\/Coperta-RAASI-5-1200x1536.jpg 1200w, https:\/\/jaais.eu\/wp-content\/uploads\/2023\/12\/Coperta-RAASI-5.jpg 1369w\" sizes=\"auto, (max-width: 800px) 100vw, 800px\" \/><\/figure><div class=\"wp-block-media-text__content\">\n<ul class=\"wp-block-list\">\n<li><strong>Revista de Arheologie, Antropologie \u015fi Studii Interdisciplinare (RAASI)<\/strong><\/li>\n\n\n\n<li><strong>No. 5 \/ 2023<\/strong><\/li>\n\n\n\n<li><strong>ISSN 2587-3768<\/strong><\/li>\n\n\n\n<li><strong>E-ISSN 2587-3776<\/strong><\/li>\n<\/ul>\n<\/div><\/div>\n\n\n\n<ul class=\"wp-block-list\">\n<li><strong><a href=\"http:\/\/jaais.eu\/wp-content\/uploads\/2023\/12\/1_RAASI_5_2023_Cosac_compressed.pdf\" data-type=\"link\" data-id=\"http:\/\/jaais.eu\/wp-content\/uploads\/2023\/12\/1_RAASI_5_2023_Cosac_compressed.pdf\" target=\"_blank\" rel=\"noreferrer noopener\">Marian Cosac, <em>Istvan D\u00e8nes and the archaeological research of the V\u00e2rghi\u0219 Gorges karst (Harghita County, Romania)<\/em><\/a><\/strong><\/li>\n\n\n\n<li><strong><a href=\"http:\/\/jaais.eu\/wp-content\/uploads\/2023\/12\/2_RAASI_5_2023_Pistruil_compressed.pdf\" target=\"_blank\" rel=\"noreferrer noopener\">Ihor Pistruil, <em>Note about angle transverse burins in collection of the Upper Palaeolithic settlement Anetivka II (Mykolaiv Oblast, Ukraine)<\/em><\/a><\/strong><\/li>\n\n\n\n<li><strong><a href=\"http:\/\/jaais.eu\/wp-content\/uploads\/2023\/12\/3_RAASI_5_2023_Hlavenchuk_Hrytsiuta_compressed.pdf\" target=\"_blank\" rel=\"noreferrer noopener\">Alla Hlavenchuk, Oksana Hrytsiuta, <em>An original technological approach for the figuration of zoomorphic figurines at the Late Palaeolithic settlement of Anetivka 2 (Ukraine)<\/em><\/a><\/strong><\/li>\n\n\n\n<li><strong><a href=\"http:\/\/jaais.eu\/wp-content\/uploads\/2023\/12\/4_RAASI_5_2023_Stanescu_compressed.pdf\" target=\"_blank\" rel=\"noreferrer noopener\">M\u0103d\u0103lina St\u0103nescu, <em>Materialul litic cioplit descoperit \u00een a\u0219ezarea neolitic\u0103 de la Coroteni \u2013 punct \u201eCet\u0103\u0163uia\u201d (comuna Slobozia Bradului, jude\u0163ul Vrancea)<\/em><\/a><\/strong><\/li>\n\n\n\n<li><strong><a href=\"http:\/\/jaais.eu\/wp-content\/uploads\/2023\/12\/5_RAASI_5_2023_Birzu_Stefan_compressed.pdf\">Andreea <\/a><a href=\"http:\/\/jaais.eu\/wp-content\/uploads\/2023\/12\/5_RAASI_5_2023_Birzu_Stefan_compressed.pdf\" target=\"_blank\" rel=\"noreferrer noopener\">B\u00eerzu<\/a><a href=\"http:\/\/jaais.eu\/wp-content\/uploads\/2023\/12\/5_RAASI_5_2023_Birzu_Stefan_compressed.pdf\">, Cristian Eduard \u0218tefan, <em>Not\u0103 privind dou\u0103 vase de lut descoperite \u00een a\u0219ezarea gumelni\u0163ean\u0103 de la Glina- La Nuci<\/em><\/a><\/strong><\/li>\n\n\n\n<li><strong><a href=\"http:\/\/jaais.eu\/wp-content\/uploads\/2023\/12\/6_RAASI_5_2023_Ivanova_compressed.pdf\" target=\"_blank\" rel=\"noreferrer noopener\">Svitlana V. Ivanova, Yamna\/Budzhak Culture of North-West Pontic region: classification and typology of pottery<\/a><\/strong><\/li>\n\n\n\n<li><strong><a href=\"http:\/\/jaais.eu\/wp-content\/uploads\/2023\/12\/7_RAASI_5_2023_Preda_Simalcsik_Renta-compressed.pdf\" target=\"_blank\" rel=\"noreferrer noopener\">Bianca Preda-B\u0103l\u0103nic\u0103, Angela Simalcsik, Elena Ren\u0163a, <em>O reevaluare a descoperirilor arheologice din tumulii II \u0219i III de la Ciulni\u0163a (jude\u0163ul Ialomi\u0163a, Rom\u00e2nia)<\/em><\/a><\/strong><\/li>\n\n\n\n<li><strong><a href=\"http:\/\/jaais.eu\/wp-content\/uploads\/2023\/12\/8_RAASI_5_2023_Kiricenko1_compressed.pdf\" target=\"_blank\" rel=\"noreferrer noopener\">Dmitriy A. Kirichenko, <em>Palaeoanthropological note about Buzeyir necropolis (Southeastern Azerbaijan)<\/em><\/a><\/strong><\/li>\n\n\n\n<li><strong><a href=\"http:\/\/jaais.eu\/wp-content\/uploads\/2023\/12\/9_RAASI_5_2023_Berzovan_Simalcsik_Aparaschivei_compressed.pdf\" target=\"_blank\" rel=\"noreferrer noopener\">Alexandru Berzovan, Angela Simalcsik, Constantin Aparaschivei, <em>Trei morminte inedite apar\u0163in\u00e2nd culturii Poiene\u0219ti-Luca\u0219euca descoperite la Mihoveni-Cahla Morii (com. \u0218cheia, jud. Suceava, Rom\u00e2nia)<\/em><\/a><\/strong><\/li>\n\n\n\n<li><strong><a href=\"http:\/\/jaais.eu\/wp-content\/uploads\/2023\/12\/10_RAASI_5_2023_Adamescu_et_alii_compressed.pdf\" target=\"_blank\" rel=\"noreferrer noopener\">Adrian Adamescu, Gabriel Jug\u0103naru, Tudor Mandache, George Nu\u0163u, <em>Consolation in death. Three cameos from the Roman necropolis of Barbo\u0219i<\/em><\/a><\/strong><\/li>\n\n\n\n<li><strong><a href=\"http:\/\/jaais.eu\/wp-content\/uploads\/2023\/12\/11_RAASI_5_2023_Honcu_compressed.pdf\" target=\"_blank\" rel=\"noreferrer noopener\">Ana Honcu, <em>Epigraphy and the use of Ar cGIS to analyse inscriptions. A case study<\/em><\/a><\/strong><\/li>\n\n\n\n<li><strong><a href=\"http:\/\/jaais.eu\/wp-content\/uploads\/2023\/12\/12_RAASI_5_2023_Munteanu_Hanceanu_Vornicu_compressed.pdf\" target=\"_blank\" rel=\"noreferrer noopener\">Lucian Munteanu, George-Dan H\u00e2nceanu, Nicoleta Vornicu, <em>Not\u0103 asupra compozi\u0163iei unor monede romane din colec\u0163ia Muzeului de Istorie Roman<\/em><\/a><\/strong><\/li>\n\n\n\n<li><strong><a href=\"http:\/\/jaais.eu\/wp-content\/uploads\/2023\/12\/13_RAASI_5_2023_Hanceanu-compressed.pdf\" target=\"_blank\" rel=\"noreferrer noopener\">George-Dan H\u00e2nceanu, <em>Morminte de incinera\u0163ie din secolele II-III d. Hr. descoperite la David (jud. Neam\u0163, Rom\u00e2nia)<\/em><\/a><\/strong><\/li>\n\n\n\n<li><strong><a href=\"http:\/\/jaais.eu\/wp-content\/uploads\/2023\/12\/14_RAASI_5_2023_Kiricenko2_compressed.pdf\" target=\"_blank\" rel=\"noreferrer noopener\">Dmitriy A. Kirichenko, <em>Note about one case of cranial trepanation from catacomb burial of Mingachevir (Azerbaijan Republic)<\/em><\/a><\/strong><\/li>\n\n\n\n<li><strong><a href=\"http:\/\/jaais.eu\/wp-content\/uploads\/2023\/12\/15_RAASI_5_2023_Simalcsik_compressed.pdf\" target=\"_blank\" rel=\"noreferrer noopener\">Robert Daniel Simalcsik, <em>Indicatori demografici \u0219i ocupa\u0163ionali la dou\u0103 popula\u0163ii ce apar\u0163in culturii S\u00e2ntana de Mure\u0219 &#8211; Cerneahov (Mih\u0103l\u0103\u0219eni, jud. Boto\u0219ani \u0219i Valea Seac\u0103, jud. Vaslui)<\/em><\/a><\/strong><\/li>\n\n\n\n<li><strong><a href=\"http:\/\/jaais.eu\/wp-content\/uploads\/2023\/12\/16_RAASI_2023_5_Butiseaca_et_alii_compressed.pdf\" target=\"_blank\" rel=\"noreferrer noopener\">Geanina A. Butiseac\u0103, Vasile Diaconu, Maria Ilie, Iuliana Vasiliev, <em>The transition from the Mediaeval Warming Period to the Little Ice Age in northeastern Romania (T\u00e2rgu Neam\u0163, La Damian site)<\/em><\/a><\/strong><\/li>\n\n\n\n<li><strong><a href=\"http:\/\/jaais.eu\/wp-content\/uploads\/2023\/12\/17_RAASI_5_2023_Simalcsik_Simalcsik_compressed.pdf\" target=\"_blank\" rel=\"noreferrer noopener\">Angela Simalcsik, Robert Daniel Simalcsik, <em>Primul caz de amputare din Rom\u00e2nia medieval\u0103<\/em><\/a><\/strong><\/li>\n\n\n\n<li><strong><a href=\"http:\/\/jaais.eu\/wp-content\/uploads\/2023\/12\/18_RAASI_5_2023_Stirbu_Vasile_compressed.pdf\" target=\"_blank\" rel=\"noreferrer noopener\">Franceska \u0218tirbu, Gabriel Vasile, <em>Beneath the surface: Uncovering the social and biological significance of contemporary multiple burials in a Mediaeval sample from Wallachia<\/em><\/a><\/strong><\/li>\n\n\n\n<li><strong><a href=\"http:\/\/jaais.eu\/wp-content\/uploads\/2023\/12\/19_RAASI_5_2023_Toma_Vasile_compressed.pdf\" target=\"_blank\" rel=\"noreferrer noopener\">Andreea Toma, Gabriel Vasile, <em>Abnormalities of the first cervical vertebra in a Muslim community from Dobruja (Southeastern Romania): a case study<\/em><\/a><\/strong><\/li>\n\n\n\n<li><strong><a href=\"http:\/\/jaais.eu\/wp-content\/uploads\/2023\/12\/20_RAASI_5_2023_Fedor_compressed.pdf\" target=\"_blank\" rel=\"noreferrer noopener\">C\u0103t\u0103lin-George Fedor, <em>Raporturi interconfesionale \u00eentr-o comunitate rural\u0103 moldoveneasc\u0103<\/em><\/a><\/strong><\/li>\n\n\n\n<li><strong><a href=\"http:\/\/jaais.eu\/wp-content\/uploads\/2023\/12\/21_RAASI_5_2023_Stefan_recenzie_compressed.pdf\" target=\"_blank\" rel=\"noreferrer noopener\">Cristian Eduard \u0218tefan, prezentare de carte: <em>Done \u0218erb\u0103nescu, Necropole eneolitice din C\u00e2mpia Dun\u0103rii<\/em><\/a><\/strong><\/li>\n<\/ul>\n","protected":false},"excerpt":{"rendered":"","protected":false},"author":3,"featured_media":0,"parent":0,"menu_order":0,"comment_status":"closed","ping_status":"closed","template":"","meta":{"footnotes":""},"class_list":["post-695","page","type-page","status-publish","hentry"],"_links":{"self":[{"href":"https:\/\/jaais.eu\/en\/wp-json\/wp\/v2\/pages\/695","targetHints":{"allow":["GET"]}}],"collection":[{"href":"https:\/\/jaais.eu\/en\/wp-json\/wp\/v2\/pages"}],"about":[{"href":"https:\/\/jaais.eu\/en\/wp-json\/wp\/v2\/types\/page"}],"author":[{"embeddable":true,"href":"https:\/\/jaais.eu\/en\/wp-json\/wp\/v2\/users\/3"}],"replies":[{"embeddable":true,"href":"https:\/\/jaais.eu\/en\/wp-json\/wp\/v2\/comments?post=695"}],"version-history":[{"count":8,"href":"https:\/\/jaais.eu\/en\/wp-json\/wp\/v2\/pages\/695\/revisions"}],"predecessor-version":[{"id":732,"href":"https:\/\/jaais.eu\/en\/wp-json\/wp\/v2\/pages\/695\/revisions\/732"}],"wp:attachment":[{"href":"https:\/\/jaais.eu\/en\/wp-json\/wp\/v2\/media?parent=695"}],"curies":[{"name":"wp","href":"https:\/\/api.w.org\/{rel}","templated":true}]}}

<div class="wp-block-media-text is-stacked-on-mobile" style="grid-template-columns:34% auto"><figure class="wp-block-media-text__media"><img loading="lazy" decoding="async" width="800" height="1024" src="https://jaais.eu/wp-content/uploads/2023/12/Coperta-RAASI-5-800x1024.jpg" alt="" class="wp-image-700 size-full" srcset="https://jaais.eu/wp-content/uploads/2023/12/Coperta-RAASI-5-800x1024.jpg 800w, https://jaais.eu/wp-content/uploads/2023/12/Coperta-RAASI-5-234x300.jpg 234w, https://jaais.eu/wp-content/uploads/2023/12/Coperta-RAASI-5-768x983.jpg 768w, https://jaais.eu/wp-content/uploads/2023/12/Coperta-RAASI-5-1200x1536.jpg 1200w, https://jaais.eu/wp-content/uploads/2023/12/Coperta-RAASI-5.jpg 1369w" sizes="auto, (max-width: 800px) 100vw, 800px" /></figure><div class="wp-block-media-text__content">
<ul class="wp-block-list">
<li><strong>Revista de Arheologie, Antropologie şi Studii Interdisciplinare (RAASI)</strong></li>



<li><strong>No. 5 / 2023</strong></li>



<li><strong>ISSN 2587-3768</strong></li>



<li><strong>E-ISSN 2587-3776</strong></li>
</ul>
</div></div>



<ul class="wp-block-list">
<li><strong><a href="http://jaais.eu/wp-content/uploads/2023/12/1_RAASI_5_2023_Cosac_compressed.pdf" data-type="link" data-id="http://jaais.eu/wp-content/uploads/2023/12/1_RAASI_5_2023_Cosac_compressed.pdf" target="_blank" rel="noreferrer noopener">Marian Cosac, <em>Istvan Dènes and the archaeological research of the Vârghiș Gorges karst (Harghita County, Romania)</em></a></strong></li>



<li><strong><a href="http://jaais.eu/wp-content/uploads/2023/12/2_RAASI_5_2023_Pistruil_compressed.pdf" target="_blank" rel="noreferrer noopener">Ihor Pistruil, <em>Note about angle transverse burins in collection of the Upper Palaeolithic settlement Anetivka II (Mykolaiv Oblast, Ukraine)</em></a></strong></li>



<li><strong><a href="http://jaais.eu/wp-content/uploads/2023/12/3_RAASI_5_2023_Hlavenchuk_Hrytsiuta_compressed.pdf" target="_blank" rel="noreferrer noopener">Alla Hlavenchuk, Oksana Hrytsiuta, <em>An original technological approach for the figuration of zoomorphic figurines at the Late Palaeolithic settlement of Anetivka 2 (Ukraine)</em></a></strong></li>



<li><strong><a href="http://jaais.eu/wp-content/uploads/2023/12/4_RAASI_5_2023_Stanescu_compressed.pdf" target="_blank" rel="noreferrer noopener">Mădălina Stănescu, <em>Materialul litic cioplit descoperit în așezarea neolitică de la Coroteni – punct „Cetăţuia” (comuna Slobozia Bradului, judeţul Vrancea)</em></a></strong></li>



<li><strong><a href="http://jaais.eu/wp-content/uploads/2023/12/5_RAASI_5_2023_Birzu_Stefan_compressed.pdf">Andreea </a><a href="http://jaais.eu/wp-content/uploads/2023/12/5_RAASI_5_2023_Birzu_Stefan_compressed.pdf" target="_blank" rel="noreferrer noopener">Bîrzu</a><a href="http://jaais.eu/wp-content/uploads/2023/12/5_RAASI_5_2023_Birzu_Stefan_compressed.pdf">, Cristian Eduard Ștefan, <em>Notă privind două vase de lut descoperite în așezarea gumelniţeană de la Glina- La Nuci</em></a></strong></li>



<li><strong><a href="http://jaais.eu/wp-content/uploads/2023/12/6_RAASI_5_2023_Ivanova_compressed.pdf" target="_blank" rel="noreferrer noopener">Svitlana V. Ivanova, Yamna/Budzhak Culture of North-West Pontic region: classification and typology of pottery</a></strong></li>



<li><strong><a href="http://jaais.eu/wp-content/uploads/2023/12/7_RAASI_5_2023_Preda_Simalcsik_Renta-compressed.pdf" target="_blank" rel="noreferrer noopener">Bianca Preda-Bălănică, Angela Simalcsik, Elena Renţa, <em>O reevaluare a descoperirilor arheologice din tumulii II și III de la Ciulniţa (judeţul Ialomiţa, România)</em></a></strong></li>



<li><strong><a href="http://jaais.eu/wp-content/uploads/2023/12/8_RAASI_5_2023_Kiricenko1_compressed.pdf" target="_blank" rel="noreferrer noopener">Dmitriy A. Kirichenko, <em>Palaeoanthropological note about Buzeyir necropolis (Southeastern Azerbaijan)</em></a></strong></li>



<li><strong><a href="http://jaais.eu/wp-content/uploads/2023/12/9_RAASI_5_2023_Berzovan_Simalcsik_Aparaschivei_compressed.pdf" target="_blank" rel="noreferrer noopener">Alexandru Berzovan, Angela Simalcsik, Constantin Aparaschivei, <em>Trei morminte inedite aparţinând culturii Poienești-Lucașeuca descoperite la Mihoveni-Cahla Morii (com. Șcheia, jud. Suceava, România)</em></a></strong></li>



<li><strong><a href="http://jaais.eu/wp-content/uploads/2023/12/10_RAASI_5_2023_Adamescu_et_alii_compressed.pdf" target="_blank" rel="noreferrer noopener">Adrian Adamescu, Gabriel Jugănaru, Tudor Mandache, George Nuţu, <em>Consolation in death. Three cameos from the Roman necropolis of Barboși</em></a></strong></li>



<li><strong><a href="http://jaais.eu/wp-content/uploads/2023/12/11_RAASI_5_2023_Honcu_compressed.pdf" target="_blank" rel="noreferrer noopener">Ana Honcu, <em>Epigraphy and the use of Ar cGIS to analyse inscriptions. A case study</em></a></strong></li>



<li><strong><a href="http://jaais.eu/wp-content/uploads/2023/12/12_RAASI_5_2023_Munteanu_Hanceanu_Vornicu_compressed.pdf" target="_blank" rel="noreferrer noopener">Lucian Munteanu, George-Dan Hânceanu, Nicoleta Vornicu, <em>Notă asupra compoziţiei unor monede romane din colecţia Muzeului de Istorie Roman</em></a></strong></li>



<li><strong><a href="http://jaais.eu/wp-content/uploads/2023/12/13_RAASI_5_2023_Hanceanu-compressed.pdf" target="_blank" rel="noreferrer noopener">George-Dan Hânceanu, <em>Morminte de incineraţie din secolele II-III d. Hr. descoperite la David (jud. Neamţ, România)</em></a></strong></li>



<li><strong><a href="http://jaais.eu/wp-content/uploads/2023/12/14_RAASI_5_2023_Kiricenko2_compressed.pdf" target="_blank" rel="noreferrer noopener">Dmitriy A. Kirichenko, <em>Note about one case of cranial trepanation from catacomb burial of Mingachevir (Azerbaijan Republic)</em></a></strong></li>



<li><strong><a href="http://jaais.eu/wp-content/uploads/2023/12/15_RAASI_5_2023_Simalcsik_compressed.pdf" target="_blank" rel="noreferrer noopener">Robert Daniel Simalcsik, <em>Indicatori demografici și ocupaţionali la două populaţii ce aparţin culturii Sântana de Mureș &#8211; Cerneahov (Mihălășeni, jud. Botoșani și Valea Seacă, jud. Vaslui)</em></a></strong></li>



<li><strong><a href="http://jaais.eu/wp-content/uploads/2023/12/16_RAASI_2023_5_Butiseaca_et_alii_compressed.pdf" target="_blank" rel="noreferrer noopener">Geanina A. Butiseacă, Vasile Diaconu, Maria Ilie, Iuliana Vasiliev, <em>The transition from the Mediaeval Warming Period to the Little Ice Age in northeastern Romania (Târgu Neamţ, La Damian site)</em></a></strong></li>



<li><strong><a href="http://jaais.eu/wp-content/uploads/2023/12/17_RAASI_5_2023_Simalcsik_Simalcsik_compressed.pdf" target="_blank" rel="noreferrer noopener">Angela Simalcsik, Robert Daniel Simalcsik, <em>Primul caz de amputare din România medievală</em></a></strong></li>



<li><strong><a href="http://jaais.eu/wp-content/uploads/2023/12/18_RAASI_5_2023_Stirbu_Vasile_compressed.pdf" target="_blank" rel="noreferrer noopener">Franceska Știrbu, Gabriel Vasile, <em>Beneath the surface: Uncovering the social and biological significance of contemporary multiple burials in a Mediaeval sample from Wallachia</em></a></strong></li>



<li><strong><a href="http://jaais.eu/wp-content/uploads/2023/12/19_RAASI_5_2023_Toma_Vasile_compressed.pdf" target="_blank" rel="noreferrer noopener">Andreea Toma, Gabriel Vasile, <em>Abnormalities of the first cervical vertebra in a Muslim community from Dobruja (Southeastern Romania): a case study</em></a></strong></li>



<li><strong><a href="http://jaais.eu/wp-content/uploads/2023/12/20_RAASI_5_2023_Fedor_compressed.pdf" target="_blank" rel="noreferrer noopener">Cătălin-George Fedor, <em>Raporturi interconfesionale într-o comunitate rurală moldovenească</em></a></strong></li>



<li><strong><a href="http://jaais.eu/wp-content/uploads/2023/12/21_RAASI_5_2023_Stefan_recenzie_compressed.pdf" target="_blank" rel="noreferrer noopener">Cristian Eduard Ștefan, prezentare de carte: <em>Done Șerbănescu, Necropole eneolitice din Câmpia Dunării</em></a></strong></li>
</ul>
