{"id":572,"date":"2022-12-11T19:28:08","date_gmt":"2022-12-11T19:28:08","guid":{"rendered":"http:\/\/jaais.eu\/?page_id=572"},"modified":"2022-12-12T08:41:08","modified_gmt":"2022-12-12T08:41:08","slug":"raasi-nr-4-2022-2","status":"publish","type":"page","link":"https:\/\/jaais.eu\/en\/raasi-nr-4-2022-2\/","title":{"rendered":"RAASI Nr. 4\/2022"},"content":{"rendered":"\n<div class=\"wp-block-media-text alignwide is-stacked-on-mobile\" style=\"grid-template-columns:29% auto\"><figure class=\"wp-block-media-text__media\"><img loading=\"lazy\" decoding=\"async\" width=\"722\" height=\"1024\" src=\"http:\/\/jaais.eu\/wp-content\/uploads\/2022\/12\/RAASI-4-cover-out-Copie-722x1024.jpg\" alt=\"\" class=\"wp-image-576 size-full\" srcset=\"https:\/\/jaais.eu\/wp-content\/uploads\/2022\/12\/RAASI-4-cover-out-Copie-722x1024.jpg 722w, https:\/\/jaais.eu\/wp-content\/uploads\/2022\/12\/RAASI-4-cover-out-Copie-212x300.jpg 212w, https:\/\/jaais.eu\/wp-content\/uploads\/2022\/12\/RAASI-4-cover-out-Copie-768x1089.jpg 768w, https:\/\/jaais.eu\/wp-content\/uploads\/2022\/12\/RAASI-4-cover-out-Copie-1084x1536.jpg 1084w, https:\/\/jaais.eu\/wp-content\/uploads\/2022\/12\/RAASI-4-cover-out-Copie-1445x2048.jpg 1445w, https:\/\/jaais.eu\/wp-content\/uploads\/2022\/12\/RAASI-4-cover-out-Copie-scaled.jpg 1806w\" sizes=\"auto, (max-width: 722px) 100vw, 722px\" \/><\/figure><div class=\"wp-block-media-text__content\">\n<ul class=\"wp-block-list\"><li><strong>Revista de Arheologie, Antropologie \u015fi Studii Interdisciplinare (RAASI)<\/strong><\/li><li><strong>No. 4 \/ 2022<\/strong><\/li><li><strong>ISSN 2587-3768<\/strong><\/li><li><strong>E-ISSN 2587-3776<\/strong><\/li><\/ul>\n<\/div><\/div>\n\n\n\n<p><a href=\"http:\/\/jaais.eu\/wp-content\/uploads\/2022\/12\/1_Garvan_Staicut_Sava_RAASI_4.pdf\" target=\"_blank\" rel=\"noopener\"><strong>Daniel Garv\u0103n, Gabriel St\u0103icu\u0163, Gabriela Sava, <em>C\u00e2teva elemente de datare a a\u0219ez\u0103rii Boian\u2013Giule\u0219ti de la Pietrosu (jude\u0163ul Buz\u0103u) \/\/ Chronological markers of the Boian\u2013Giule\u015fti site from Pietrosu (Buz\u0103u County)<\/em><\/strong><\/a><\/p>\n<p><a href=\"http:\/\/jaais.eu\/wp-content\/uploads\/2022\/12\/2_Stefan_RAASI_4.pdf\" target=\"_blank\" rel=\"noopener\"><strong>Cristian Eduard \u0218tefan, <em>Early metallurgy north of Danube: A necklace from a Boian \u2013 Vidra grave discovered at Glina\u2013La Nuci \/\/ Metalurgia timpurie la nord de Dun\u0103re: un colier dintr-un morm\u00e2nt Boian \u2013Vidra descoperit la Glina\u2013La Nuci<\/em><\/strong><\/a><\/p>\n<p><a href=\"http:\/\/jaais.eu\/wp-content\/uploads\/2022\/12\/3_Kovacs_RAASI_4.pdf\" target=\"_blank\" rel=\"noopener\"><strong>Adela Kov\u00e1cs, <em>Unelte din cultura Cucuteni: polonicele din lut \u00eentre utilitate practic\u0103 \u0219i simbol \/\/ Tools from Cucuteni Culture: Ladles made in clay, between everyday use and symbol<\/em><\/strong><\/a><\/p>\n<p><a href=\"http:\/\/jaais.eu\/wp-content\/uploads\/2022\/12\/4_Ciobanu_Tencariu_RAASI_4.pdf\" target=\"_blank\" rel=\"noopener\"><strong>Maria-Cristina Ciobanu, Felix-Adrian Tencariu, <em>Recent discoveries of mat imprints on pottery from Cucuteni\u2013Cet\u0103\u0163uie (Ia\u0219i County, Romania). Thoughts and experimental tests on the use of braided supports in forming prehistoric ceramics \/\/ Descoperiri recente de impresiuni de rogojin\u0103 pe ceramic\u0103 de la Cucuteni\u2013Cet\u0103\u0163uie (jud. Ia\u0219i, Rom\u00e2nia). Considera\u0163ii \u0219i teste experimentale privind utilizarea suporturilor \u00eempletite \u00een modelarea ceramicii preistorice<\/em><\/strong><\/a><\/p>\n<p><a href=\"http:\/\/jaais.eu\/wp-content\/uploads\/2022\/12\/5_Ivanova_RAASI_4.pdf\" target=\"_blank\" rel=\"noopener\"><strong>Svitlana V. Ivanova, <em>The North-West frontier of the Black Sea steppe in the Early Bronze Age \/\/ Nord-Vestul M\u0103rii Negre ca \u201espa\u021biu de frontier\u0103&#8221; al stepei la \u00eenceputul epocii bronzului<\/em><\/strong><\/a><\/p>\n<p><a href=\"http:\/\/jaais.eu\/wp-content\/uploads\/2022\/12\/6_-Frinculeasa_etalii_RAASI_4.pdf\" target=\"_blank\" rel=\"noopener\"><strong>Alin Fr\u00eenculeasa, Daniel Garv\u0103n, Angela Simalcsik, Octav Negrea, Roxana Munteanu, C\u0103t\u0103lin Dinu, Ana Ilie, Lauren\u0163iu Grigora\u0219, <em>Ritualul Iamnaia \u0219i persisten\u0163e locale \u00een prima jum\u0103tate a mileniului al III-lea (complexe funerare cercetate \u00een anul 2021 \u00een nordul Munteniei) \/\/ The Yamnaya ritual and local persistence in the first half of the third millennium BC (funerary features researched in 2021 in northern Muntenia)<\/em><\/strong><\/a><\/p>\n<p><a href=\"http:\/\/jaais.eu\/wp-content\/uploads\/2022\/12\/7_Preda-Balanica_RAASI_4.pdf\" target=\"_blank\" rel=\"noopener\"><strong>Bianca Preda-B\u0103l\u0103nic\u0103, <em>Note on a P\u0103dureni type shaft-hole axe from northern Muntenia \/\/ Not\u0103 despre un topor de tip P\u0103dureni din nordul Munteniei<\/em><\/strong><\/a><\/p>\n<p><a href=\"http:\/\/jaais.eu\/wp-content\/uploads\/2022\/12\/8_Puskas_Botha_RAASI_4.pdf\" target=\"_blank\" rel=\"noopener\"><strong>J\u00f3zsef Pusk\u00e1s, Zolt\u00e1n-J\u00f3zsef Botha, <em>Contacts between south-eastern Transylvania and the Upper Tisza Basin during the Middle and the Late Bronze Age \/\/ Contacte \u00eentre sud-estul Transilvaniei \u0219i bazinul superior al Tisei \u00een perioadele mijlocie \u0219i t\u00e2rzie ale epocii bronzului<\/em><\/strong><\/a><\/p>\n<p><a href=\"http:\/\/jaais.eu\/wp-content\/uploads\/2022\/12\/9_Kirichenko_Simalcsik_RAASI_4.pdf\" target=\"_blank\" rel=\"noopener\"><strong>Dmitriy A. Kiricenko, Angela Simalcsik, <em>Modificarea formei capului\/craniului \u00een Caucazul de Sud \u0219i Orientul Apropiat \u00een perioada t\u00e2rzie a epocii bronzului \u2013 perioada timpurie a epocii fierului. Date arheologice \u0219i antropologice \/\/ Changing the shape of the head\/skull in the Southern Caucasus and the Middle East in the Late Bronze Age and Early Iron Age. Archaeological and anthropological data<\/em><\/strong><\/a><\/p>\n<p><a href=\"http:\/\/jaais.eu\/wp-content\/uploads\/2022\/12\/10_Munteanu_Vornicu_RAASI_4.pdf\" target=\"_blank\" rel=\"noopener\"><strong>Lucian Munteanu, Nicoleta Vornicu, <em>Contribu\u0163ii la problema imita\u0163iilor de denari romani imperiali din Moldova. Descoperirea monetar\u0103 din necropola de la Dumitre\u0219tii G\u0103l\u0103\u0163ii (comuna Schitu Duca, jude\u0163ul Ia\u0219i, Rom\u00e2nia) \/\/ Contributions to the topic of imitations after Roman imperial denarii from Moldavia. The monetary discovery from the necropolis of Dumitre\u0219tii G\u0103l\u0103\u021bii (Schitu Duca Commune, Ia\u0219i County, Romania)<\/em><\/strong><\/a><\/p>\n<p><a href=\"http:\/\/jaais.eu\/wp-content\/uploads\/2022\/12\/11_Hanceanu_Simalcsik_Istina_RAASI_4.pdf\" target=\"_blank\" rel=\"noopener\"><strong>George-Dan H\u00e2nceanu, Angela Simalcsik, L\u0103cr\u0103mioara-Elena Istina, <em>Necropola din secolele II-III d. Hr. de la Porce\u0219ti\/Moldoveni (punctul Dealul Gab\u0103ra), jude\u0163ul Neam\u0163, Rom\u00e2nia. Interpret\u0103ri arheologice \u0219i antropologice despre c\u00e2teva morminte de incinera\u0163ie \/\/ The necropolis from the 2nd-3rd centuries AD from Porce\u0219ti\/Moldoveni (Dealul Gab\u0103ra point), Neam\u0163 County, Romania. Archaeological and anthropological interpretations of several cremation graves<\/em><\/strong><\/a><\/p>\n<p><a href=\"http:\/\/jaais.eu\/wp-content\/uploads\/2022\/12\/12_Honcu_RAASI_4.pdf\" target=\"_blank\" rel=\"noopener\"><strong>\u0218tefan Honcu, <em>Un nou tip de amfor\u0103 atestat \u00een Barbaricum-ul de la est de Carpa\u0163i. Amfora de tip Forlimpopoli descoperit\u0103 la Polocin \/\/ A new type of amphora attested in Barbaricum in east Carpathians area. The Forlimpopoli amphora type discovered at Polocin<\/em><\/strong><\/a><\/p>\n<p><a href=\"http:\/\/jaais.eu\/wp-content\/uploads\/2022\/12\/13_Vasile_RAASI_4.pdf\" target=\"_blank\" rel=\"noopener\"><strong>Gabriel Vasile, <em>Osteodistrofia biparietal\u0103 \u2013 o manifestare neobi\u0219nuit\u0103. Asupra unui schelet medieval de pe teritoriul Rom\u00e2niei \/\/ Biparietal osteodistrophy \u2013 a rare condition. On a Medieval skeleton on the territory of Romania<\/em><\/strong><\/a><\/p>\n<p><a href=\"http:\/\/jaais.eu\/wp-content\/uploads\/2022\/12\/14_Simalcsik_RAASI_4.pdf\" target=\"_blank\" rel=\"noopener\"><strong>Robert Daniel Simalcsik, <em>Popula\u0163ii medievale de pe teritoriul statului medieval moldovenesc comparate prin c\u00e2teva elemente antropologice \/\/ Mediaeval populations on the territory of the Mediaeval State of Moldova compared through some anthropological elements<\/em><\/strong><\/a><\/p>\n<p><a href=\"http:\/\/jaais.eu\/wp-content\/uploads\/2022\/12\/15_Hanceanu_Baltag_RAASI_4.pdf\" target=\"_blank\" rel=\"noopener\"><strong>George-Dan H\u00e2nceanu, Andrei Baltag, <em>Cercet\u0103ri arheologice din anii 1969-1970 \u00een cimitirul medieval al bisericii Precista Mic\u0103 din Roman \/\/ Archaeological research from 1969-1970 in the medieval cemetery of the Precista Mic\u0103 Church in Roman<\/em><\/strong><\/a><\/p>\n<p><a href=\"http:\/\/jaais.eu\/wp-content\/uploads\/2022\/12\/16_Fedor_RAASI_4.pdf\" target=\"_blank\" rel=\"noopener\"><strong>George-C\u0103t\u0103lin Fedor, <em>Memorie colectiv\u0103 \u0219i specific local \u00eentr-o comunitate rural\u0103 moldoveneasc\u0103 \/\/ Collective memory and local specific in a Moldovan rural community<\/em><\/strong><\/a><\/p>\n<p><a href=\"http:\/\/jaais.eu\/wp-content\/uploads\/2022\/12\/17_Stefan_recenzie_RAASI_4.pdf\" target=\"_blank\" rel=\"noopener\"><strong>Cristian Eduard \u0218tefan, prezentare de carte\/book presentation: <em>Adela Kov\u00e1cs, Alexandru Nechifor, Constantin Aparaschivei, Frumuse\u0163ea transpus\u0103 \u00een lut. Catalogul statuetelor antropomorfe cucuteniene din Muzeul Jude\u0163ean Boto\u0219ani versus \u042f\u043d\u0430 \u042f\u043a\u043e\u0432\u0438\u0448\u0438\u043d\u0430, \u041e\u043a\u0441\u0430\u043d\u0430 \u041a\u0443\u0446\u0435\u043d\u044f\u043a \/\/ Yana Yakovyshyna, Oksana Kutseniak, \u0422\u0440\u0438\u043f\u0456\u043b\u044c\u0441\u044c\u043a\u0430 \u0430\u043d\u0442\u0440\u043e\u043f\u043e\u043c\u043e\u0440\u0444\u043d\u0430 \u043f\u043b\u0430\u0441\u0442\u0438\u043a\u0430 \u0443 \u0444\u043e\u043d\u0434\u0430\u0445 \u041b\u044c\u0432\u0456\u0432\u0441\u044c\u043a\u043e\u0433\u043e \u0456\u0441\u0442\u043e\u0440\u0438\u0447\u043d\u043e\u0433\u043e \u043c\u0443\u0437\u0435\u044e \/\/ The Trypillian anthropomorphic plastic art in the collection of Lviv Historical Museum<\/em><\/strong><\/a><\/p>\n","protected":false},"excerpt":{"rendered":"<p>Revista de Arheologie, Antropologie \u015fi Studii Interdisciplinare (RAASI) No. 4 \/ 2022 ISSN 2587-3768 E-ISSN 2587-3776 Daniel Garv\u0103n, Gabriel St\u0103icu\u0163, Gabriela Sava, C\u00e2teva elemente de datare a a\u0219ez\u0103rii Boian\u2013Giule\u0219ti de la Pietrosu (jude\u0163ul Buz\u0103u) \/\/ Chronological markers of the Boian\u2013Giule\u015fti site from&hellip;<\/p>\n","protected":false},"author":3,"featured_media":0,"parent":0,"menu_order":0,"comment_status":"closed","ping_status":"closed","template":"","meta":{"footnotes":""},"class_list":["post-572","page","type-page","status-publish","hentry"],"_links":{"self":[{"href":"https:\/\/jaais.eu\/en\/wp-json\/wp\/v2\/pages\/572","targetHints":{"allow":["GET"]}}],"collection":[{"href":"https:\/\/jaais.eu\/en\/wp-json\/wp\/v2\/pages"}],"about":[{"href":"https:\/\/jaais.eu\/en\/wp-json\/wp\/v2\/types\/page"}],"author":[{"embeddable":true,"href":"https:\/\/jaais.eu\/en\/wp-json\/wp\/v2\/users\/3"}],"replies":[{"embeddable":true,"href":"https:\/\/jaais.eu\/en\/wp-json\/wp\/v2\/comments?post=572"}],"version-history":[{"count":7,"href":"https:\/\/jaais.eu\/en\/wp-json\/wp\/v2\/pages\/572\/revisions"}],"predecessor-version":[{"id":661,"href":"https:\/\/jaais.eu\/en\/wp-json\/wp\/v2\/pages\/572\/revisions\/661"}],"wp:attachment":[{"href":"https:\/\/jaais.eu\/en\/wp-json\/wp\/v2\/media?parent=572"}],"curies":[{"name":"wp","href":"https:\/\/api.w.org\/{rel}","templated":true}]}}

<div class="wp-block-media-text alignwide is-stacked-on-mobile" style="grid-template-columns:29% auto"><figure class="wp-block-media-text__media"><img loading="lazy" decoding="async" width="722" height="1024" src="http://jaais.eu/wp-content/uploads/2022/12/RAASI-4-cover-out-Copie-722x1024.jpg" alt="" class="wp-image-576 size-full" srcset="https://jaais.eu/wp-content/uploads/2022/12/RAASI-4-cover-out-Copie-722x1024.jpg 722w, https://jaais.eu/wp-content/uploads/2022/12/RAASI-4-cover-out-Copie-212x300.jpg 212w, https://jaais.eu/wp-content/uploads/2022/12/RAASI-4-cover-out-Copie-768x1089.jpg 768w, https://jaais.eu/wp-content/uploads/2022/12/RAASI-4-cover-out-Copie-1084x1536.jpg 1084w, https://jaais.eu/wp-content/uploads/2022/12/RAASI-4-cover-out-Copie-1445x2048.jpg 1445w, https://jaais.eu/wp-content/uploads/2022/12/RAASI-4-cover-out-Copie-scaled.jpg 1806w" sizes="auto, (max-width: 722px) 100vw, 722px" /></figure><div class="wp-block-media-text__content">
<ul class="wp-block-list"><li><strong>Revista de Arheologie, Antropologie şi Studii Interdisciplinare (RAASI)</strong></li><li><strong>No. 4 / 2022</strong></li><li><strong>ISSN 2587-3768</strong></li><li><strong>E-ISSN 2587-3776</strong></li></ul>
</div></div>



<p><a href="http://jaais.eu/wp-content/uploads/2022/12/1_Garvan_Staicut_Sava_RAASI_4.pdf" target="_blank" rel="noopener"><strong>Daniel Garvăn, Gabriel Stăicuţ, Gabriela Sava, <em>Câteva elemente de datare a așezării Boian–Giulești de la Pietrosu (judeţul Buzău) // Chronological markers of the Boian–Giuleşti site from Pietrosu (Buzău County)</em></strong></a></p>
<p><a href="http://jaais.eu/wp-content/uploads/2022/12/2_Stefan_RAASI_4.pdf" target="_blank" rel="noopener"><strong>Cristian Eduard Ștefan, <em>Early metallurgy north of Danube: A necklace from a Boian – Vidra grave discovered at Glina–La Nuci // Metalurgia timpurie la nord de Dunăre: un colier dintr-un mormânt Boian –Vidra descoperit la Glina–La Nuci</em></strong></a></p>
<p><a href="http://jaais.eu/wp-content/uploads/2022/12/3_Kovacs_RAASI_4.pdf" target="_blank" rel="noopener"><strong>Adela Kovács, <em>Unelte din cultura Cucuteni: polonicele din lut între utilitate practică și simbol // Tools from Cucuteni Culture: Ladles made in clay, between everyday use and symbol</em></strong></a></p>
<p><a href="http://jaais.eu/wp-content/uploads/2022/12/4_Ciobanu_Tencariu_RAASI_4.pdf" target="_blank" rel="noopener"><strong>Maria-Cristina Ciobanu, Felix-Adrian Tencariu, <em>Recent discoveries of mat imprints on pottery from Cucuteni–Cetăţuie (Iași County, Romania). Thoughts and experimental tests on the use of braided supports in forming prehistoric ceramics // Descoperiri recente de impresiuni de rogojină pe ceramică de la Cucuteni–Cetăţuie (jud. Iași, România). Consideraţii și teste experimentale privind utilizarea suporturilor împletite în modelarea ceramicii preistorice</em></strong></a></p>
<p><a href="http://jaais.eu/wp-content/uploads/2022/12/5_Ivanova_RAASI_4.pdf" target="_blank" rel="noopener"><strong>Svitlana V. Ivanova, <em>The North-West frontier of the Black Sea steppe in the Early Bronze Age // Nord-Vestul Mării Negre ca „spațiu de frontieră&#8221; al stepei la începutul epocii bronzului</em></strong></a></p>
<p><a href="http://jaais.eu/wp-content/uploads/2022/12/6_-Frinculeasa_etalii_RAASI_4.pdf" target="_blank" rel="noopener"><strong>Alin Frînculeasa, Daniel Garvăn, Angela Simalcsik, Octav Negrea, Roxana Munteanu, Cătălin Dinu, Ana Ilie, Laurenţiu Grigoraș, <em>Ritualul Iamnaia și persistenţe locale în prima jumătate a mileniului al III-lea (complexe funerare cercetate în anul 2021 în nordul Munteniei) // The Yamnaya ritual and local persistence in the first half of the third millennium BC (funerary features researched in 2021 in northern Muntenia)</em></strong></a></p>
<p><a href="http://jaais.eu/wp-content/uploads/2022/12/7_Preda-Balanica_RAASI_4.pdf" target="_blank" rel="noopener"><strong>Bianca Preda-Bălănică, <em>Note on a Pădureni type shaft-hole axe from northern Muntenia // Notă despre un topor de tip Pădureni din nordul Munteniei</em></strong></a></p>
<p><a href="http://jaais.eu/wp-content/uploads/2022/12/8_Puskas_Botha_RAASI_4.pdf" target="_blank" rel="noopener"><strong>József Puskás, Zoltán-József Botha, <em>Contacts between south-eastern Transylvania and the Upper Tisza Basin during the Middle and the Late Bronze Age // Contacte între sud-estul Transilvaniei și bazinul superior al Tisei în perioadele mijlocie și târzie ale epocii bronzului</em></strong></a></p>
<p><a href="http://jaais.eu/wp-content/uploads/2022/12/9_Kirichenko_Simalcsik_RAASI_4.pdf" target="_blank" rel="noopener"><strong>Dmitriy A. Kiricenko, Angela Simalcsik, <em>Modificarea formei capului/craniului în Caucazul de Sud și Orientul Apropiat în perioada târzie a epocii bronzului – perioada timpurie a epocii fierului. Date arheologice și antropologice // Changing the shape of the head/skull in the Southern Caucasus and the Middle East in the Late Bronze Age and Early Iron Age. Archaeological and anthropological data</em></strong></a></p>
<p><a href="http://jaais.eu/wp-content/uploads/2022/12/10_Munteanu_Vornicu_RAASI_4.pdf" target="_blank" rel="noopener"><strong>Lucian Munteanu, Nicoleta Vornicu, <em>Contribuţii la problema imitaţiilor de denari romani imperiali din Moldova. Descoperirea monetară din necropola de la Dumitreștii Gălăţii (comuna Schitu Duca, judeţul Iași, România) // Contributions to the topic of imitations after Roman imperial denarii from Moldavia. The monetary discovery from the necropolis of Dumitreștii Gălății (Schitu Duca Commune, Iași County, Romania)</em></strong></a></p>
<p><a href="http://jaais.eu/wp-content/uploads/2022/12/11_Hanceanu_Simalcsik_Istina_RAASI_4.pdf" target="_blank" rel="noopener"><strong>George-Dan Hânceanu, Angela Simalcsik, Lăcrămioara-Elena Istina, <em>Necropola din secolele II-III d. Hr. de la Porcești/Moldoveni (punctul Dealul Gabăra), judeţul Neamţ, România. Interpretări arheologice și antropologice despre câteva morminte de incineraţie // The necropolis from the 2nd-3rd centuries AD from Porcești/Moldoveni (Dealul Gabăra point), Neamţ County, Romania. Archaeological and anthropological interpretations of several cremation graves</em></strong></a></p>
<p><a href="http://jaais.eu/wp-content/uploads/2022/12/12_Honcu_RAASI_4.pdf" target="_blank" rel="noopener"><strong>Ștefan Honcu, <em>Un nou tip de amforă atestat în Barbaricum-ul de la est de Carpaţi. Amfora de tip Forlimpopoli descoperită la Polocin // A new type of amphora attested in Barbaricum in east Carpathians area. The Forlimpopoli amphora type discovered at Polocin</em></strong></a></p>
<p><a href="http://jaais.eu/wp-content/uploads/2022/12/13_Vasile_RAASI_4.pdf" target="_blank" rel="noopener"><strong>Gabriel Vasile, <em>Osteodistrofia biparietală – o manifestare neobișnuită. Asupra unui schelet medieval de pe teritoriul României // Biparietal osteodistrophy – a rare condition. On a Medieval skeleton on the territory of Romania</em></strong></a></p>
<p><a href="http://jaais.eu/wp-content/uploads/2022/12/14_Simalcsik_RAASI_4.pdf" target="_blank" rel="noopener"><strong>Robert Daniel Simalcsik, <em>Populaţii medievale de pe teritoriul statului medieval moldovenesc comparate prin câteva elemente antropologice // Mediaeval populations on the territory of the Mediaeval State of Moldova compared through some anthropological elements</em></strong></a></p>
<p><a href="http://jaais.eu/wp-content/uploads/2022/12/15_Hanceanu_Baltag_RAASI_4.pdf" target="_blank" rel="noopener"><strong>George-Dan Hânceanu, Andrei Baltag, <em>Cercetări arheologice din anii 1969-1970 în cimitirul medieval al bisericii Precista Mică din Roman // Archaeological research from 1969-1970 in the medieval cemetery of the Precista Mică Church in Roman</em></strong></a></p>
<p><a href="http://jaais.eu/wp-content/uploads/2022/12/16_Fedor_RAASI_4.pdf" target="_blank" rel="noopener"><strong>George-Cătălin Fedor, <em>Memorie colectivă și specific local într-o comunitate rurală moldovenească // Collective memory and local specific in a Moldovan rural community</em></strong></a></p>
<p><a href="http://jaais.eu/wp-content/uploads/2022/12/17_Stefan_recenzie_RAASI_4.pdf" target="_blank" rel="noopener"><strong>Cristian Eduard Ștefan, prezentare de carte/book presentation: <em>Adela Kovács, Alexandru Nechifor, Constantin Aparaschivei, Frumuseţea transpusă în lut. Catalogul statuetelor antropomorfe cucuteniene din Muzeul Judeţean Botoșani versus Яна Яковишина, Оксана Куценяк // Yana Yakovyshyna, Oksana Kutseniak, Трипільська антропоморфна пластика у фондах Львівського історичного музею // The Trypillian anthropomorphic plastic art in the collection of Lviv Historical Museum</em></strong></a></p>

<p>Revista de Arheologie, Antropologie şi Studii Interdisciplinare (RAASI) No. 4 / 2022 ISSN 2587-3768 E-ISSN 2587-3776 Daniel Garvăn, Gabriel Stăicuţ, Gabriela Sava, Câteva elemente de datare a așezării Boian–Giulești de la Pietrosu (judeţul Buzău) // Chronological markers of the Boian–Giuleşti site from&hellip;</p>
